te the remainder when m is divided by 40.
37
Calculate the remainder when 277 is divided by 8/(-24) - ((-584)/3)/2.
83
Suppose -125*c = -134*c + 900. What is the remainder when 396 is divided by c?
96
Let m(c) = -c**3 + 6*c**2 + 6*c + 10. Let q be m(7). Suppose -q*o + 168 = 4*o. What is the remainder when 119 is divided by o?
23
What is the remainder when -38*(0 + (1 - 2)) is divided by (((-5)/(-3))/1)/((-5)/(-15))?
3
Let p(w) = 7*w**2 + 19*w + 22. What is the remainder when p(-12) is divided by 35?
32
Suppose 0 = 4*y + 5*t - 24, 3*y - t + 1 = -0*y. Let p = 41 + -42. What is the remainder when -1 + p - (-6)/2 is divided by y?
0
Let r = -2359 + 2385. Calculate the remainder when 803 is divided by r.
23
Let p = -18 - -20. Suppose 3*u = -p*u - 45. Let d = u - -13. Calculate the remainder when 13 is divided by d.
1
Let b = -4 - -13. Suppose 5*l - 120 = -2*j, 2*l + 5*j = 4*j + 49. Calculate the remainder when l is divided by b.
4
Suppose -2*q + 120 = 2*x, -8 = 5*q + 17. Calculate the remainder when x is divided by -2 + 0/1 - -19.
14
Suppose -52 = -5*r + 13. Suppose 0 = -3*u - 4*y + 13, 0 = u + 4*y - 7. What is the remainder when r is divided by u?
1
Let l = 11 + -6. Suppose -j + 30 = l*z + 2*j, -5*z + 4*j = -30. Suppose 7*x = z*x + 5. What is the remainder when 12 is divided by x?
2
Suppose 420 = -7*b + 19*b. What is the remainder when b is divided by 21?
14
Suppose 0 = 2*z + 10, 3*g - 82 = -0*g + 2*z. Calculate the remainder when g is divided by 14.
10
Let t = 27 - 14. Calculate the remainder when t is divided by 3*3/9*7.
6
What is the remainder when -1 + 1 + (1 - (-224)/4) is divided by 37?
20
Suppose 5*w = 5, -1877*w - 26 = -4*t - 1875*w. What is the remainder when (-10)/15*-1*15 is divided by t?
3
Let z = 5 - 0. Suppose -z - 21 = -2*k. What is the remainder when 64 is divided by k?
12
Let f = -33 - -23. What is the remainder when 9 is divided by -3 + (1 + -3 - f)?
4
Let v = 1 - -13. Let j = 112 + -44. Suppose 40 = 4*r - j. Calculate the remainder when r is divided by v.
13
Let f(o) = -2*o - 10*o - 4 + 3 - o. Calculate the remainder when f(-3) is divided by 14.
10
Suppose 4*d + 4 = 4*z - 20, 0 = d. Suppose -z*c = -0*c - 66. Calculate the remainder when 30 is divided by c.
8
Let p = 2372 + -1479. What is the remainder when p is divided by 100?
93
Suppose 24*m + 11*m - 14945 = 0. Calculate the remainder when m is divided by 54.
49
Calculate the remainder when 7/(-2 + 22/10) is divided by 6 - 10/(30/(-9)).
8
Suppose -4*f = 2*u - 162, 0*f = -3*f + 2*u + 139. Calculate the remainder when 51 is divided by f.
8
Suppose -9*t = -7*t + 14. Let j(y) = -y**2 - 8*y + 2. Let v be j(t). What is the remainder when (v + -8)/(1/14) is divided by 8?
6
Let c = -248 - -294. Calculate the remainder when 183 is divided by c.
45
Let t = -23 + 100. What is the remainder when t is divided by (-4522)/(-170) - (-2)/5?
23
Suppose 0 = -19*g + 5*g + 700. Calculate the remainder when 116 is divided by g.
16
Let u = 7 + -2. Suppose -3*w + 4*w = 5*c - 24, 4*c + w = 21. Calculate the remainder when (u - 4)*17*1 is divided by c.
2
Let z(b) = 34*b - 5. Let p = -32 - -33. What is the remainder when z(p) is divided by 16?
13
Suppose 34 = -9*w + 277. Suppose 5*d - 255 = -5*j, 5*j + 0 = 5. Calculate the remainder when d is divided by w.
23
Suppose -17*f = -18*f. Suppose f*h - 45 = -h. Suppose 4*x - 6 - 42 = 0. Calculate the remainder when h is divided by x.
9
Let p(o) be the second derivative of o**3/3 - 4*o**2 - 7*o. Let i be p(6). Suppose -i = -2*u + 8. Calculate the remainder when 29 is divided by u.
5
Suppose 5*n + i - 18 = 0, n + i - 15 = -3*n. Suppose -912 = -n*l - 3*l. Calculate the remainder when l is divided by 51.
50
Suppose 4*y = 2*f - 42, -2*f = -y - 15 - 3. Let s be ((-30)/y)/(9/24). Suppose -s = 5*i, 3*r - 28 = 5*i + 36. Calculate the remainder when r is divided by 10.
8
Let w = -387 - -458. Calculate the remainder when 210 is divided by w.
68
Let g = -41 - -66. Let n = 37 - g. Calculate the remainder when 19 is divided by n.
7
Calculate the remainder when 44 is divided by 9/(-6 - -2 - -5).
8
Suppose 541 = 32*m - 323. What is the remainder when 44 is divided by m?
17
Suppose -5*z - 2*j + 425 = -0*z, z = -5*j + 108. Calculate the remainder when z is divided by 30.
23
Suppose 18*z - 308 = -10*z. What is the remainder when 19 is divided by z?
8
Suppose -z + 14 = 2. Let u(y) = 4*y + 129. What is the remainder when u(-27) is divided by z?
9
Suppose 4*f + 47 = 227. What is the remainder when f is divided by 26?
19
Suppose -4*y = y. Suppose 0*l + 4*l - 44 = y. Suppose -1 = -g + l. Calculate the remainder when 21 is divided by g.
9
Calculate the remainder when 867 is divided by 174/(-5)*(4 - (-195)/(-30)).
84
Let x(a) = -4*a + 5. Suppose -2*f + 6*v - 3*v + 145 = 0, 4*f - 299 = -3*v. Calculate the remainder when f is divided by x(-5).
24
Let x = 27 + -45. Let a = x - -66. What is the remainder when a is divided by 12/(-42) + (-177)/(-7)?
23
Suppose -55*q + 301 = 5*d - 58*q, -5*q - 171 = -3*d. Calculate the remainder when 309 is divided by d.
61
Let o(x) = -x**2 + 24*x - 62. Let v be o(7). Let d be (2/4)/(2/92). Let t = v - d. Calculate the remainder when t is divided by 9.
7
Suppose 5*n + 142 = 7*n. What is the remainder when n is divided by 24?
23
Let n(f) = f - 7. Let k be 4/14 - (-14)/(-49). Let v be n(k). Calculate the remainder when 426/14 - 4/v is divided by 11.
9
Suppose -4*m + 356 = 4*i, -m - 70 - 123 = -2*i. What is the remainder when i is divided by 5?
4
Suppose o - 5 = 0, -210 = 4*g - 2*o - 36. Let y = 68 + g. What is the remainder when ((-48 - 5)*-2)/1 is divided by y?
25
Let s = -714 - -725. Calculate the remainder when 16 is divided by s.
5
Suppose 0 = -q + 5*o - 3, q + o = -o + 25. What is the remainder when 150 is divided by q?
14
Suppose 5*m + 0 + 65 = 0. Let r = 1 - m. Calculate the remainder when -5*((4 - 2) + -13) is divided by r.
13
Let x = 569 + -154. What is the remainder when x is divided by 26?
25
Let n = -43 - -86. Let p = -49 + 54. Let o(x) = -2*x + 21. Calculate the remainder when n is divided by o(p).
10
Let m = 314 - 292. Calculate the remainder when m is divided by 4.
2
Suppose 36*m - 1394 - 910 = 0. Calculate the remainder when 211 is divided by m.
19
Let n be 20/(-25)*(-10)/4. Let k = n + 0. What is the remainder when -1 - 63/(-3)*k is divided by 22?
19
Suppose 0 = -s - 2 - 9. Let c = -5 - s. Calculate the remainder when 20 is divided by c.
2
Suppose 0 = -1861*m + 1860*m + 17. What is the remainder when ((-12)/(-10))/(2/110) is divided by m?
15
Suppose -4*f + 5*n + 76 = 7*n, 4*f - 104 = 5*n. Calculate the remainder when 167 is divided by f.
20
Suppose -4*r + 623 = 3*r. What is the remainder when 266 is divided by r?
88
Let j be (-6)/((-6)/3 - 0). Suppose 280 + 422 = -j*i. Calculate the remainder when (2/6)/((-2)/i) is divided by 10.
9
Let v(g) = g**2 - 14*g - 12. What is the remainder when 58 is divided by v(16)?
18
Let f(y) = 34*y**2 - 2*y + 1. Let b = -30 - -66. Calculate the remainder when f(-2) is divided by b.
33
Let h(v) = 10*v + 33. What is the remainder when 207 is divided by h(1)?
35
Let v be (-47)/((2/(-6))/(13/39)). Suppose 5*n - 185 = -5*c, c + 60 + v = 3*n. What is the remainder when n is divided by 19?
17
Let a = 558 + -329. What is the remainder when a is divided by 8?
5
Let z(j) = j**3 - 20*j**2 + 5*j - 65. What is the remainder when 67 is divided by z(20)?
32
Suppose -5*d - 3*t + 0*t = -12, 0 = -4*t - 4. Suppose -2 = -p + d. Suppose p*c - 65 = -5*m, 5*c = m - 2*m + 77. Calculate the remainder when c is divided by 9.
7
Suppose -4*v = -1 - 79. Suppose -4*c + 2*c + v = 0. Let z = 80 + -43. Calculate the remainder when z is divided by c.
7
Let o(h) = h**2 - 9*h - 10. Let x be o(9). Let a = x + 24. Calculate the remainder when 52 is divided by a.
10
Let o be (-30)/20*176/(-6). Let r = 79 - o. Suppose -4*p + 2 = -y - 75, 0 = -p + 2*y + 21. What is the remainder when r is divided by p?
16
Calculate the remainder when 26/(104/420) - 0/(-2) is divided by 34.
3
Let b(w) be the third derivative of w**6/30 - w**4/8 + w**3/2 - 3*w**2. Calculate the remainder when b(2) is divided by 11.
7
Let n = 813 - 802. What is the remainder when 74 is divided by n?
8
Suppose 0 = -42*s - 44*s + 15480. What is the remainder when s is divided by 105?
75
L